{"id":41,"date":"2021-09-20T18:28:51","date_gmt":"2021-09-20T16:28:51","guid":{"rendered":"http:\/\/www.sp23.com.pl\/?page_id=41"},"modified":"2025-10-02T11:04:16","modified_gmt":"2025-10-02T09:04:16","slug":"pedagog-psycholog","status":"publish","type":"page","link":"https:\/\/sp23.poznan.pl\/?page_id=41","title":{"rendered":"Pedagog\/Psycholog"},"content":{"rendered":"\n<p><strong>Godziny pracy psychologa i pedagoga szkolnego<\/strong>&nbsp;Telefony z pedagogiem oraz psychologiem \u0142\u0105czy sekretariat:<\/p>\n\n\n\n<p><strong>61 847 45 93<\/strong><\/p>\n\n\n\n<p><strong>Godziny pracy<\/strong><br>istnieje mo\u017cliwo\u015b\u0107 um\u00f3wienia spotkania w innych godzinach<br><em>\/prosimy w\u00f3wczas o kontakt telefoniczny\/.<\/em><\/p>\n\n\n\n<figure class=\"wp-block-table\"><table class=\"has-fixed-layout\"><tbody><tr><td>&nbsp;<\/td><td class=\"has-text-align-center\" data-align=\"center\"><strong>PONIEDZIA\u0141EK<\/strong><\/td><td class=\"has-text-align-center\" data-align=\"center\"><strong>WTOREK<\/strong><\/td><td class=\"has-text-align-center\" data-align=\"center\"><strong>\u015aRODA<\/strong><\/td><td class=\"has-text-align-center\" data-align=\"center\"><strong>CZWARTEK<\/strong><\/td><td class=\"has-text-align-center\" data-align=\"center\"><strong>PI\u0104TEK<\/strong><\/td><\/tr><tr><td><strong>Patrycja Stankiewicz<\/strong> Pedagog<\/td><td class=\"has-text-align-center\" data-align=\"center\"><br>8:00 &#8211; 11:30<br><\/td><td class=\"has-text-align-center\" data-align=\"center\">8:00-11:30<br>12:30 &#8211; 13:30<\/td><td class=\"has-text-align-center\" data-align=\"center\">10:30-15:00<\/td><td class=\"has-text-align-center\" data-align=\"center\">08:00-13:00<\/td><td class=\"has-text-align-center\" data-align=\"center\">8:00-12:30<\/td><\/tr><tr><td><strong>Aleksandra Kubiak-Pi\u0142at <\/strong>Psycholog<\/td><td class=\"has-text-align-center\" data-align=\"center\"><br>12:00-15:00<br><\/td><td class=\"has-text-align-center\" data-align=\"center\">9:00-15:00<\/td><td class=\"has-text-align-center\" data-align=\"center\">8:00-13:40<\/td><td class=\"has-text-align-center\" data-align=\"center\">12:00-15:15<\/td><td class=\"has-text-align-center\" data-align=\"center\">9:35-13:40<\/td><\/tr><tr><td><strong>Anna Berlik<\/strong> Pedagog specjalny<\/td><td class=\"has-text-align-center\" data-align=\"center\"><br>11:25 &#8211; 15:00<br><\/td><td class=\"has-text-align-center\" data-align=\"center\">8:30-9:45<br>12:30 &#8211; 14:30<\/td><td class=\"has-text-align-center\" data-align=\"center\">10:30-13:00<\/td><td class=\"has-text-align-center\" data-align=\"center\">8:30-10:40 <br><\/td><td class=\"has-text-align-center\" data-align=\"center\">8:40-10:40<br>13:35-14:35<\/td><\/tr><\/tbody><\/table><\/figure>\n\n\n\n<p><\/p>\n\n\n\n<p><\/p>\n","protected":false},"excerpt":{"rendered":"<p>Godziny pracy psychologa i pedagoga szkolnego&nbsp;Telefony z pedagogiem oraz psychologiem \u0142\u0105czy sekretariat: 61 847 45 93 Godziny pracyistnieje mo\u017cliwo\u015b\u0107 um\u00f3wienia spotkania w innych godzinach\/prosimy w\u00f3wczas o kontakt telefoniczny\/. &nbsp; PONIEDZIA\u0141EK WTOREK \u015aRODA CZWARTEK PI\u0104TEK Patrycja Stankiewicz Pedagog 8:00 &#8211; 11:30 8:00-11:3012:30 &#8211; 13:30 10:30-15:00 08:00-13:00 8:00-12:30 Aleksandra Kubiak-Pi\u0142at Psycholog 12:00-15:00 9:00-15:00 8:00-13:40 12:00-15:15 9:35-13:40 Anna [&hellip;]<\/p>\n","protected":false},"author":1,"featured_media":0,"parent":0,"menu_order":0,"comment_status":"closed","ping_status":"closed","template":"","meta":{"footnotes":""},"class_list":["post-41","page","type-page","status-publish","hentry"],"_links":{"self":[{"href":"https:\/\/sp23.poznan.pl\/index.php?rest_route=\/wp\/v2\/pages\/41","targetHints":{"allow":["GET"]}}],"collection":[{"href":"https:\/\/sp23.poznan.pl\/index.php?rest_route=\/wp\/v2\/pages"}],"about":[{"href":"https:\/\/sp23.poznan.pl\/index.php?rest_route=\/wp\/v2\/types\/page"}],"author":[{"embeddable":true,"href":"https:\/\/sp23.poznan.pl\/index.php?rest_route=\/wp\/v2\/users\/1"}],"replies":[{"embeddable":true,"href":"https:\/\/sp23.poznan.pl\/index.php?rest_route=%2Fwp%2Fv2%2Fcomments&post=41"}],"version-history":[{"count":15,"href":"https:\/\/sp23.poznan.pl\/index.php?rest_route=\/wp\/v2\/pages\/41\/revisions"}],"predecessor-version":[{"id":2266,"href":"https:\/\/sp23.poznan.pl\/index.php?rest_route=\/wp\/v2\/pages\/41\/revisions\/2266"}],"wp:attachment":[{"href":"https:\/\/sp23.poznan.pl\/index.php?rest_route=%2Fwp%2Fv2%2Fmedia&parent=41"}],"curies":[{"name":"wp","href":"https:\/\/api.w.org\/{rel}","templated":true}]}}

<p><strong>Godziny pracy psychologa i pedagoga szkolnego</strong>&nbsp;Telefony z pedagogiem oraz psychologiem łączy sekretariat:</p>



<p><strong>61 847 45 93</strong></p>



<p><strong>Godziny pracy</strong><br>istnieje możliwość umówienia spotkania w innych godzinach<br><em>/prosimy wówczas o kontakt telefoniczny/.</em></p>



<figure class="wp-block-table"><table class="has-fixed-layout"><tbody><tr><td>&nbsp;</td><td class="has-text-align-center" data-align="center"><strong>PONIEDZIAŁEK</strong></td><td class="has-text-align-center" data-align="center"><strong>WTOREK</strong></td><td class="has-text-align-center" data-align="center"><strong>ŚRODA</strong></td><td class="has-text-align-center" data-align="center"><strong>CZWARTEK</strong></td><td class="has-text-align-center" data-align="center"><strong>PIĄTEK</strong></td></tr><tr><td><strong>Patrycja Stankiewicz</strong> Pedagog</td><td class="has-text-align-center" data-align="center"><br>8:00 &#8211; 11:30<br></td><td class="has-text-align-center" data-align="center">8:00-11:30<br>12:30 &#8211; 13:30</td><td class="has-text-align-center" data-align="center">10:30-15:00</td><td class="has-text-align-center" data-align="center">08:00-13:00</td><td class="has-text-align-center" data-align="center">8:00-12:30</td></tr><tr><td><strong>Aleksandra Kubiak-Piłat </strong>Psycholog</td><td class="has-text-align-center" data-align="center"><br>12:00-15:00<br></td><td class="has-text-align-center" data-align="center">9:00-15:00</td><td class="has-text-align-center" data-align="center">8:00-13:40</td><td class="has-text-align-center" data-align="center">12:00-15:15</td><td class="has-text-align-center" data-align="center">9:35-13:40</td></tr><tr><td><strong>Anna Berlik</strong> Pedagog specjalny</td><td class="has-text-align-center" data-align="center"><br>11:25 &#8211; 15:00<br></td><td class="has-text-align-center" data-align="center">8:30-9:45<br>12:30 &#8211; 14:30</td><td class="has-text-align-center" data-align="center">10:30-13:00</td><td class="has-text-align-center" data-align="center">8:30-10:40 <br></td><td class="has-text-align-center" data-align="center">8:40-10:40<br>13:35-14:35</td></tr></tbody></table></figure>



<p></p>



<p></p>

<p>Godziny pracy psychologa i pedagoga szkolnego&nbsp;Telefony z pedagogiem oraz psychologiem łączy sekretariat: 61 847 45 93 Godziny pracyistnieje możliwość umówienia spotkania w innych godzinach/prosimy wówczas o kontakt telefoniczny/. &nbsp; PONIEDZIAŁEK WTOREK ŚRODA CZWARTEK PIĄTEK Patrycja Stankiewicz Pedagog 8:00 &#8211; 11:30 8:00-11:3012:30 &#8211; 13:30 10:30-15:00 08:00-13:00 8:00-12:30 Aleksandra Kubiak-Piłat Psycholog 12:00-15:00 9:00-15:00 8:00-13:40 12:00-15:15 9:35-13:40 Anna [&hellip;]</p>
