{"id":31,"date":"2021-09-20T18:25:00","date_gmt":"2021-09-20T16:25:00","guid":{"rendered":"http:\/\/www.sp23.com.pl\/?page_id=31"},"modified":"2024-01-17T09:13:24","modified_gmt":"2024-01-17T08:13:24","slug":"rada-rodzicow","status":"publish","type":"page","link":"https:\/\/sp23.poznan.pl\/?page_id=31","title":{"rendered":"Rada rodzic\u00f3w"},"content":{"rendered":"\t\t<div data-elementor-type=\"wp-page\" data-elementor-id=\"31\" class=\"elementor elementor-31\" data-elementor-post-type=\"page\">\n\t\t\t\t\t\t<section class=\"elementor-section elementor-top-section elementor-element elementor-element-477078c elementor-section-boxed elementor-section-height-default elementor-section-height-default\" data-id=\"477078c\" data-element_type=\"section\" data-e-type=\"section\">\n\t\t\t\t\t\t<div class=\"elementor-container elementor-column-gap-default\">\n\t\t\t\t\t<div class=\"elementor-column elementor-col-100 elementor-top-column elementor-element elementor-element-0127d24\" data-id=\"0127d24\" data-element_type=\"column\" data-e-type=\"column\">\n\t\t\t<div class=\"elementor-widget-wrap elementor-element-populated\">\n\t\t\t\t\t\t<div class=\"elementor-element elementor-element-4e098e4 elementor-widget elementor-widget-text-editor\" data-id=\"4e098e4\" data-element_type=\"widget\" data-e-type=\"widget\" data-widget_type=\"text-editor.default\">\n\t\t\t\t<div class=\"elementor-widget-container\">\n\t\t\t\t\t\t\t\t\t<p style=\"margin: 0cm 0cm 7.5pt; text-align: justify; background-image: initial; background-position: initial; background-size: initial; background-repeat: initial; background-attachment: initial; background-origin: initial; background-clip: initial;\"><strong><span style=\"font-family: 'Calibri',sans-serif; mso-ascii-theme-font: minor-latin; mso-hansi-theme-font: minor-latin; mso-bidi-theme-font: minor-latin; color: black; mso-themecolor: text1; font-weight: normal;\">Drodzy Pa\u0144stwo! <\/span><\/strong><\/p><p style=\"margin: 0cm 0cm 7.5pt; text-align: justify; background-image: initial; background-position: initial; background-size: initial; background-repeat: initial; background-attachment: initial; background-origin: initial; background-clip: initial;\"><span style=\"font-family: 'Calibri',sans-serif; mso-ascii-theme-font: minor-latin; mso-hansi-theme-font: minor-latin; mso-bidi-theme-font: minor-latin; color: black; mso-themecolor: text1;\"><br \/><strong><span style=\"font-weight: normal;\">Zwracamy si\u0119 z uprzejm\u0105 pro\u015bb\u0105 o dokonywanie wp\u0142at na fundusz Rady Rodzic\u00f3w na rok szkolny 2023\/2024.<\/span><\/strong><\/span><\/p><p style=\"margin: 0cm 0cm 7.5pt; text-align: justify; background-image: initial; background-position: initial; background-size: initial; background-repeat: initial; background-attachment: initial; background-origin: initial; background-clip: initial;\"><span style=\"font-family: 'Calibri',sans-serif; mso-ascii-theme-font: minor-latin; mso-hansi-theme-font: minor-latin; mso-bidi-theme-font: minor-latin; color: black; mso-themecolor: text1;\"><br \/><strong><span style=\"font-weight: normal;\">Sugerowan\u0105 kwot\u0105, podobnie jak w ubieg\u0142ych latach, jest 50 z\u0142, niezale\u017cnie od liczby dzieci ucz\u0105cych si\u0119 w naszej szkole.<\/span><\/strong><\/span><\/p><p style=\"margin: 0cm 0cm 7.5pt; text-align: justify; background-image: initial; background-position: initial; background-size: initial; background-repeat: initial; background-attachment: initial; background-origin: initial; background-clip: initial;\"><strong><span style=\"font-family: 'Calibri',sans-serif; mso-ascii-theme-font: minor-latin; mso-hansi-theme-font: minor-latin; mso-bidi-theme-font: minor-latin; color: black; mso-themecolor: text1; font-weight: normal;\">Sk\u0142adki na Rad\u0119 Rodzic\u00f3w s\u0105 dobrowolne. Pami\u0119tajmy jednak, \u017ce pieni\u0105dze wracaj\u0105 w ci\u0105gu roku szkolnego do naszych dzieci pod r\u00f3\u017cnymi postaciami, a realizacja zaplanowanych przedsi\u0119wzi\u0119\u0107 i zakres naszych dzia\u0142a\u0144 uzale\u017cniona jest od zebranych \u015brodk\u00f3w finansowych.<\/span><\/strong><\/p><p style=\"margin: 0cm 0cm 7.5pt; text-align: justify; background-image: initial; background-position: initial; background-size: initial; background-repeat: initial; background-attachment: initial; background-origin: initial; background-clip: initial;\"><span style=\"font-family: 'Calibri',sans-serif; mso-ascii-theme-font: minor-latin; mso-hansi-theme-font: minor-latin; mso-bidi-theme-font: minor-latin; color: black; mso-themecolor: text1;\"><br \/><strong><span style=\"font-weight: normal;\">Wp\u0142at mo\u017cna dokonywa\u0107 bezpo\u015brednio u skarbnik\u00f3w klasowych lub na konto Rady<\/span><\/strong><br \/><strong><span style=\"font-weight: normal;\">Rodzic\u00f3w:\u00a0\u00a0<\/span><\/strong><\/span><\/p><p style=\"margin: 0cm 0cm 7.5pt; text-align: center; background-image: initial; background-position: initial; background-size: initial; background-repeat: initial; background-attachment: initial; background-origin: initial; background-clip: initial;\" align=\"center\"><b><span style=\"font-size: 18pt; font-family: Calibri, sans-serif; color: black; background-image: initial; background-position: initial; background-size: initial; background-repeat: initial; background-attachment: initial; background-origin: initial; background-clip: initial;\">91 1020 4027 0000 1802 1435 0229<\/span><\/b><\/p><p style=\"margin: 0cm 0cm 7.5pt; text-align: justify; background-image: initial; background-position: initial; background-size: initial; background-repeat: initial; background-attachment: initial; background-origin: initial; background-clip: initial;\"><b><span style=\"font-family: 'Calibri',sans-serif; mso-ascii-theme-font: minor-latin; mso-hansi-theme-font: minor-latin; mso-bidi-theme-font: minor-latin; color: black; mso-themecolor: text1;\">(w tytule przelewu koniecznie nale\u017cy wpisa\u0107 informacj\u0119: wp\u0142ata na Rad\u0119 Rodzic\u00f3w, imi\u0119 i nazwisko ucznia, klas\u0119)<\/span><\/b><\/p><p style=\"margin: 0cm 0cm 7.5pt; text-align: justify; background-image: initial; background-position: initial; background-size: initial; background-repeat: initial; background-attachment: initial; background-origin: initial; background-clip: initial;\"><span style=\"font-family: 'Calibri',sans-serif; mso-ascii-theme-font: minor-latin; mso-hansi-theme-font: minor-latin; mso-bidi-theme-font: minor-latin; color: black; mso-themecolor: text1;\">\u00a0<\/span><\/p><p style=\"margin: 0cm 0cm 7.5pt 212.4pt; text-align: justify; background-image: initial; background-position: initial; background-size: initial; background-repeat: initial; background-attachment: initial; background-origin: initial; background-clip: initial;\"><span style=\"font-family: 'Calibri',sans-serif; mso-ascii-theme-font: minor-latin; mso-hansi-theme-font: minor-latin; mso-bidi-theme-font: minor-latin; color: black; mso-themecolor: text1;\">Dzi\u0119kujemy za dotychczasowe wsparcie <\/span><\/p><p style=\"margin: 0cm 0cm 7.5pt 212.4pt; text-align: justify; background-image: initial; background-position: initial; background-size: initial; background-repeat: initial; background-attachment: initial; background-origin: initial; background-clip: initial;\"><span style=\"font-family: 'Calibri',sans-serif; mso-ascii-theme-font: minor-latin; mso-hansi-theme-font: minor-latin; mso-bidi-theme-font: minor-latin; color: black; mso-themecolor: text1;\">i dokonywanie wp\u0142at na fundusz Rady Rodzic\u00f3w<\/span><\/p><p style=\"margin: 0cm 0cm 7.5pt 212.4pt; text-align: justify; background-image: initial; background-position: initial; background-size: initial; background-repeat: initial; background-attachment: initial; background-origin: initial; background-clip: initial;\"><span style=\"font-family: 'Calibri',sans-serif; mso-ascii-theme-font: minor-latin; mso-hansi-theme-font: minor-latin; mso-bidi-theme-font: minor-latin; color: black; mso-themecolor: text1;\">\u00a0<\/span><\/p><p style=\"margin: 0cm 0cm 7.5pt 212.4pt; text-align: justify; background-image: initial; background-position: initial; background-size: initial; background-repeat: initial; background-attachment: initial; background-origin: initial; background-clip: initial;\"><span style=\"font-family: 'Calibri',sans-serif; mso-ascii-theme-font: minor-latin; mso-hansi-theme-font: minor-latin; mso-bidi-theme-font: minor-latin; color: black; mso-themecolor: text1;\">Rada Rodzic\u00f3w<\/span><\/p><p style=\"margin: 0cm 0cm 7.5pt; text-align: justify; background-image: initial; background-position: initial; background-size: initial; background-repeat: initial; background-attachment: initial; background-origin: initial; background-clip: initial;\"><span style=\"font-family: 'Calibri',sans-serif; mso-ascii-theme-font: minor-latin; mso-hansi-theme-font: minor-latin; mso-bidi-theme-font: minor-latin; color: black; mso-themecolor: text1;\">\u00a0<\/span><\/p><p class=\"MsoNormal\"><span style=\"font-size: 12.0pt; line-height: 107%; mso-bidi-font-family: Calibri; mso-bidi-theme-font: minor-latin;\">\u00a0<\/span><\/p><p>\u00a0<\/p><p class=\"MsoNormal\">\u00a0<\/p>\t\t\t\t\t\t\t\t<\/div>\n\t\t\t\t<\/div>\n\t\t\t\t\t<\/div>\n\t\t<\/div>\n\t\t\t\t\t<\/div>\n\t\t<\/section>\n\t\t\t\t<\/div>\n\t\t","protected":false},"excerpt":{"rendered":"<p>Drodzy Pa\u0144stwo! Zwracamy si\u0119 z uprzejm\u0105 pro\u015bb\u0105 o dokonywanie wp\u0142at na fundusz Rady Rodzic\u00f3w na rok szkolny 2023\/2024. Sugerowan\u0105 kwot\u0105, podobnie jak w ubieg\u0142ych latach, jest 50 z\u0142, niezale\u017cnie od liczby dzieci ucz\u0105cych si\u0119 w naszej szkole. Sk\u0142adki na Rad\u0119 Rodzic\u00f3w s\u0105 dobrowolne. Pami\u0119tajmy jednak, \u017ce pieni\u0105dze wracaj\u0105 w ci\u0105gu roku szkolnego do naszych dzieci [&hellip;]<\/p>\n","protected":false},"author":1,"featured_media":0,"parent":29,"menu_order":0,"comment_status":"closed","ping_status":"closed","template":"","meta":{"footnotes":""},"class_list":["post-31","page","type-page","status-publish","hentry"],"_links":{"self":[{"href":"https:\/\/sp23.poznan.pl\/index.php?rest_route=\/wp\/v2\/pages\/31","targetHints":{"allow":["GET"]}}],"collection":[{"href":"https:\/\/sp23.poznan.pl\/index.php?rest_route=\/wp\/v2\/pages"}],"about":[{"href":"https:\/\/sp23.poznan.pl\/index.php?rest_route=\/wp\/v2\/types\/page"}],"author":[{"embeddable":true,"href":"https:\/\/sp23.poznan.pl\/index.php?rest_route=\/wp\/v2\/users\/1"}],"replies":[{"embeddable":true,"href":"https:\/\/sp23.poznan.pl\/index.php?rest_route=%2Fwp%2Fv2%2Fcomments&post=31"}],"version-history":[{"count":10,"href":"https:\/\/sp23.poznan.pl\/index.php?rest_route=\/wp\/v2\/pages\/31\/revisions"}],"predecessor-version":[{"id":1659,"href":"https:\/\/sp23.poznan.pl\/index.php?rest_route=\/wp\/v2\/pages\/31\/revisions\/1659"}],"up":[{"embeddable":true,"href":"https:\/\/sp23.poznan.pl\/index.php?rest_route=\/wp\/v2\/pages\/29"}],"wp:attachment":[{"href":"https:\/\/sp23.poznan.pl\/index.php?rest_route=%2Fwp%2Fv2%2Fmedia&parent=31"}],"curies":[{"name":"wp","href":"https:\/\/api.w.org\/{rel}","templated":true}]}}

Rada rodziców

<div data-elementor-type="wp-page" data-elementor-id="31" class="elementor elementor-31" data-elementor-post-type="page">
						<section class="elementor-section elementor-top-section elementor-element elementor-element-477078c elementor-section-boxed elementor-section-height-default elementor-section-height-default" data-id="477078c" data-element_type="section" data-e-type="section">
						<div class="elementor-container elementor-column-gap-default">
					<div class="elementor-column elementor-col-100 elementor-top-column elementor-element elementor-element-0127d24" data-id="0127d24" data-element_type="column" data-e-type="column">
			<div class="elementor-widget-wrap elementor-element-populated">
						<div class="elementor-element elementor-element-4e098e4 elementor-widget elementor-widget-text-editor" data-id="4e098e4" data-element_type="widget" data-e-type="widget" data-widget_type="text-editor.default">
				<div class="elementor-widget-container">
									<p style="margin: 0cm 0cm 7.5pt; text-align: justify; background-image: initial; background-position: initial; background-size: initial; background-repeat: initial; background-attachment: initial; background-origin: initial; background-clip: initial;"><strong><span style="font-family: 'Calibri',sans-serif; mso-ascii-theme-font: minor-latin; mso-hansi-theme-font: minor-latin; mso-bidi-theme-font: minor-latin; color: black; mso-themecolor: text1; font-weight: normal;">Drodzy Państwo! </span></strong></p><p style="margin: 0cm 0cm 7.5pt; text-align: justify; background-image: initial; background-position: initial; background-size: initial; background-repeat: initial; background-attachment: initial; background-origin: initial; background-clip: initial;"><span style="font-family: 'Calibri',sans-serif; mso-ascii-theme-font: minor-latin; mso-hansi-theme-font: minor-latin; mso-bidi-theme-font: minor-latin; color: black; mso-themecolor: text1;"><br /><strong><span style="font-weight: normal;">Zwracamy się z uprzejmą prośbą o dokonywanie wpłat na fundusz Rady Rodziców na rok szkolny 2023/2024.</span></strong></span></p><p style="margin: 0cm 0cm 7.5pt; text-align: justify; background-image: initial; background-position: initial; background-size: initial; background-repeat: initial; background-attachment: initial; background-origin: initial; background-clip: initial;"><span style="font-family: 'Calibri',sans-serif; mso-ascii-theme-font: minor-latin; mso-hansi-theme-font: minor-latin; mso-bidi-theme-font: minor-latin; color: black; mso-themecolor: text1;"><br /><strong><span style="font-weight: normal;">Sugerowaną kwotą, podobnie jak w ubiegłych latach, jest 50 zł, niezależnie od liczby dzieci uczących się w naszej szkole.</span></strong></span></p><p style="margin: 0cm 0cm 7.5pt; text-align: justify; background-image: initial; background-position: initial; background-size: initial; background-repeat: initial; background-attachment: initial; background-origin: initial; background-clip: initial;"><strong><span style="font-family: 'Calibri',sans-serif; mso-ascii-theme-font: minor-latin; mso-hansi-theme-font: minor-latin; mso-bidi-theme-font: minor-latin; color: black; mso-themecolor: text1; font-weight: normal;">Składki na Radę Rodziców są dobrowolne. Pamiętajmy jednak, że pieniądze wracają w ciągu roku szkolnego do naszych dzieci pod różnymi postaciami, a realizacja zaplanowanych przedsięwzięć i zakres naszych działań uzależniona jest od zebranych środków finansowych.</span></strong></p><p style="margin: 0cm 0cm 7.5pt; text-align: justify; background-image: initial; background-position: initial; background-size: initial; background-repeat: initial; background-attachment: initial; background-origin: initial; background-clip: initial;"><span style="font-family: 'Calibri',sans-serif; mso-ascii-theme-font: minor-latin; mso-hansi-theme-font: minor-latin; mso-bidi-theme-font: minor-latin; color: black; mso-themecolor: text1;"><br /><strong><span style="font-weight: normal;">Wpłat można dokonywać bezpośrednio u skarbników klasowych lub na konto Rady</span></strong><br /><strong><span style="font-weight: normal;">Rodziców:  </span></strong></span></p><p style="margin: 0cm 0cm 7.5pt; text-align: center; background-image: initial; background-position: initial; background-size: initial; background-repeat: initial; background-attachment: initial; background-origin: initial; background-clip: initial;" align="center"><b><span style="font-size: 18pt; font-family: Calibri, sans-serif; color: black; background-image: initial; background-position: initial; background-size: initial; background-repeat: initial; background-attachment: initial; background-origin: initial; background-clip: initial;">91 1020 4027 0000 1802 1435 0229</span></b></p><p style="margin: 0cm 0cm 7.5pt; text-align: justify; background-image: initial; background-position: initial; background-size: initial; background-repeat: initial; background-attachment: initial; background-origin: initial; background-clip: initial;"><b><span style="font-family: 'Calibri',sans-serif; mso-ascii-theme-font: minor-latin; mso-hansi-theme-font: minor-latin; mso-bidi-theme-font: minor-latin; color: black; mso-themecolor: text1;">(w tytule przelewu koniecznie należy wpisać informację: wpłata na Radę Rodziców, imię i nazwisko ucznia, klasę)</span></b></p><p style="margin: 0cm 0cm 7.5pt; text-align: justify; background-image: initial; background-position: initial; background-size: initial; background-repeat: initial; background-attachment: initial; background-origin: initial; background-clip: initial;"><span style="font-family: 'Calibri',sans-serif; mso-ascii-theme-font: minor-latin; mso-hansi-theme-font: minor-latin; mso-bidi-theme-font: minor-latin; color: black; mso-themecolor: text1;"> </span></p><p style="margin: 0cm 0cm 7.5pt 212.4pt; text-align: justify; background-image: initial; background-position: initial; background-size: initial; background-repeat: initial; background-attachment: initial; background-origin: initial; background-clip: initial;"><span style="font-family: 'Calibri',sans-serif; mso-ascii-theme-font: minor-latin; mso-hansi-theme-font: minor-latin; mso-bidi-theme-font: minor-latin; color: black; mso-themecolor: text1;">Dziękujemy za dotychczasowe wsparcie </span></p><p style="margin: 0cm 0cm 7.5pt 212.4pt; text-align: justify; background-image: initial; background-position: initial; background-size: initial; background-repeat: initial; background-attachment: initial; background-origin: initial; background-clip: initial;"><span style="font-family: 'Calibri',sans-serif; mso-ascii-theme-font: minor-latin; mso-hansi-theme-font: minor-latin; mso-bidi-theme-font: minor-latin; color: black; mso-themecolor: text1;">i dokonywanie wpłat na fundusz Rady Rodziców</span></p><p style="margin: 0cm 0cm 7.5pt 212.4pt; text-align: justify; background-image: initial; background-position: initial; background-size: initial; background-repeat: initial; background-attachment: initial; background-origin: initial; background-clip: initial;"><span style="font-family: 'Calibri',sans-serif; mso-ascii-theme-font: minor-latin; mso-hansi-theme-font: minor-latin; mso-bidi-theme-font: minor-latin; color: black; mso-themecolor: text1;"> </span></p><p style="margin: 0cm 0cm 7.5pt 212.4pt; text-align: justify; background-image: initial; background-position: initial; background-size: initial; background-repeat: initial; background-attachment: initial; background-origin: initial; background-clip: initial;"><span style="font-family: 'Calibri',sans-serif; mso-ascii-theme-font: minor-latin; mso-hansi-theme-font: minor-latin; mso-bidi-theme-font: minor-latin; color: black; mso-themecolor: text1;">Rada Rodziców</span></p><p style="margin: 0cm 0cm 7.5pt; text-align: justify; background-image: initial; background-position: initial; background-size: initial; background-repeat: initial; background-attachment: initial; background-origin: initial; background-clip: initial;"><span style="font-family: 'Calibri',sans-serif; mso-ascii-theme-font: minor-latin; mso-hansi-theme-font: minor-latin; mso-bidi-theme-font: minor-latin; color: black; mso-themecolor: text1;"> </span></p><p class="MsoNormal"><span style="font-size: 12.0pt; line-height: 107%; mso-bidi-font-family: Calibri; mso-bidi-theme-font: minor-latin;"> </span></p><p> </p><p class="MsoNormal"> </p>								</div>
				</div>
					</div>
		</div>
					</div>
		</section>
				</div>

<p>Drodzy Państwo! Zwracamy się z uprzejmą prośbą o dokonywanie wpłat na fundusz Rady Rodziców na rok szkolny 2023/2024. Sugerowaną kwotą, podobnie jak w ubiegłych latach, jest 50 zł, niezależnie od liczby dzieci uczących się w naszej szkole. Składki na Radę Rodziców są dobrowolne. Pamiętajmy jednak, że pieniądze wracają w ciągu roku szkolnego do naszych dzieci [&hellip;]</p>
