{"id":258,"date":"2021-10-21T09:02:01","date_gmt":"2021-10-21T07:02:01","guid":{"rendered":"http:\/\/www.sp23.com.pl\/?page_id=258"},"modified":"2021-10-21T09:16:35","modified_gmt":"2021-10-21T07:16:35","slug":"urbact","status":"publish","type":"page","link":"https:\/\/sp23.poznan.pl\/?page_id=258","title":{"rendered":"Urbact"},"content":{"rendered":"\t\t<div data-elementor-type=\"wp-page\" data-elementor-id=\"258\" class=\"elementor elementor-258\" data-elementor-post-type=\"page\">\n\t\t\t\t\t\t<section class=\"elementor-section elementor-top-section elementor-element elementor-element-92191a9 elementor-section-boxed elementor-section-height-default elementor-section-height-default\" data-id=\"92191a9\" data-element_type=\"section\" data-e-type=\"section\">\n\t\t\t\t\t\t<div class=\"elementor-container elementor-column-gap-default\">\n\t\t\t\t\t<div class=\"elementor-column elementor-col-100 elementor-top-column elementor-element elementor-element-ab93afe\" data-id=\"ab93afe\" data-element_type=\"column\" data-e-type=\"column\">\n\t\t\t<div class=\"elementor-widget-wrap elementor-element-populated\">\n\t\t\t\t\t\t<div class=\"elementor-element elementor-element-07f41d7 elementor-posts--align-center elementor-grid-1 elementor-posts--thumbnail-none elementor-grid-tablet-2 elementor-grid-mobile-1 elementor-card-shadow-yes elementor-posts__hover-gradient elementor-widget elementor-widget-posts\" data-id=\"07f41d7\" data-element_type=\"widget\" data-e-type=\"widget\" data-settings=\"{&quot;cards_columns&quot;:&quot;1&quot;,&quot;cards_columns_tablet&quot;:&quot;2&quot;,&quot;cards_columns_mobile&quot;:&quot;1&quot;,&quot;cards_row_gap&quot;:{&quot;unit&quot;:&quot;px&quot;,&quot;size&quot;:35,&quot;sizes&quot;:[]},&quot;cards_row_gap_tablet&quot;:{&quot;unit&quot;:&quot;px&quot;,&quot;size&quot;:&quot;&quot;,&quot;sizes&quot;:[]},&quot;cards_row_gap_mobile&quot;:{&quot;unit&quot;:&quot;px&quot;,&quot;size&quot;:&quot;&quot;,&quot;sizes&quot;:[]}}\" data-widget_type=\"posts.cards\">\n\t\t\t\t<div class=\"elementor-widget-container\">\n\t\t\t\t\t\t\t<div class=\"elementor-posts-container elementor-posts elementor-posts--skin-cards elementor-grid\">\n\t\t\t\t<article class=\"elementor-post elementor-grid-item post-243 post type-post status-publish format-standard hentry category-urbact\">\n\t\t\t<div class=\"elementor-post__card\">\n\t\t\t\t<div class=\"elementor-post__text\">\n\t\t\t\t<h3 class=\"elementor-post__title\">\n\t\t\t<a href=\"https:\/\/sp23.poznan.pl\/?p=243\" >\n\t\t\t\tDebata\t\t\t<\/a>\n\t\t<\/h3>\n\t\t\t\t<div class=\"elementor-post__excerpt\">\n\t\t\t<p>W ramach projektu Urbact uczniowie klasy 8a razem z Pani\u0105 Katarzyn\u0105 Marciniak odwiedzili Centrum Wyk\u0142adowe<\/p>\n\t\t<\/div>\n\t\t\n\t\t<a class=\"elementor-post__read-more\" href=\"https:\/\/sp23.poznan.pl\/?p=243\" aria-label=\"Read more about Debata\" tabindex=\"-1\" >\n\t\t\tCzytaj wi\u0119cej \u00bb\t\t<\/a>\n\n\t\t\t\t<\/div>\n\t\t\t\t<div class=\"elementor-post__meta-data\">\n\t\t\t\t\t<span class=\"elementor-post-date\">\n\t\t\t21 pa\u017adziernika 2021\t\t<\/span>\n\t\t\t\t<\/div>\n\t\t\t\t\t<\/div>\n\t\t<\/article>\n\t\t\t\t<article class=\"elementor-post elementor-grid-item post-237 post type-post status-publish format-standard hentry category-urbact\">\n\t\t\t<div class=\"elementor-post__card\">\n\t\t\t\t<div class=\"elementor-post__text\">\n\t\t\t\t<h3 class=\"elementor-post__title\">\n\t\t\t<a href=\"https:\/\/sp23.poznan.pl\/?p=237\" >\n\t\t\t\tLaboratorium\t\t\t<\/a>\n\t\t<\/h3>\n\t\t\t\t<div class=\"elementor-post__excerpt\">\n\t\t\t<p>W ramach projektu Urbact uczniowie klasy 7a odwiedzili Laboratorium Szko\u0142y Przysz\u0142o\u015bci &#8211; nowatorsk\u0105 przestrze\u0144 edukacyjn\u0105,<\/p>\n\t\t<\/div>\n\t\t\n\t\t<a class=\"elementor-post__read-more\" href=\"https:\/\/sp23.poznan.pl\/?p=237\" aria-label=\"Read more about Laboratorium\" tabindex=\"-1\" >\n\t\t\tCzytaj wi\u0119cej \u00bb\t\t<\/a>\n\n\t\t\t\t<\/div>\n\t\t\t\t<div class=\"elementor-post__meta-data\">\n\t\t\t\t\t<span class=\"elementor-post-date\">\n\t\t\t21 pa\u017adziernika 2021\t\t<\/span>\n\t\t\t\t<\/div>\n\t\t\t\t\t<\/div>\n\t\t<\/article>\n\t\t\t\t<article class=\"elementor-post elementor-grid-item post-266 post type-post status-publish format-standard hentry category-urbact\">\n\t\t\t<div class=\"elementor-post__card\">\n\t\t\t\t<div class=\"elementor-post__text\">\n\t\t\t\t<h3 class=\"elementor-post__title\">\n\t\t\t<a href=\"https:\/\/sp23.poznan.pl\/?p=266\" >\n\t\t\t\tSpotkanie\t\t\t<\/a>\n\t\t<\/h3>\n\t\t\t\t<div class=\"elementor-post__excerpt\">\n\t\t\t<p>Motto: \u017bycie jest wyznaczaniem celu, do kt\u00f3rego si\u0119 d\u0105\u017cy pomimo zakr\u0119t\u00f3w na drodze do jego<\/p>\n\t\t<\/div>\n\t\t\n\t\t<a class=\"elementor-post__read-more\" href=\"https:\/\/sp23.poznan.pl\/?p=266\" aria-label=\"Read more about Spotkanie\" tabindex=\"-1\" >\n\t\t\tCzytaj wi\u0119cej \u00bb\t\t<\/a>\n\n\t\t\t\t<\/div>\n\t\t\t\t<div class=\"elementor-post__meta-data\">\n\t\t\t\t\t<span class=\"elementor-post-date\">\n\t\t\t21 pa\u017adziernika 2021\t\t<\/span>\n\t\t\t\t<\/div>\n\t\t\t\t\t<\/div>\n\t\t<\/article>\n\t\t\t\t<article class=\"elementor-post elementor-grid-item post-234 post type-post status-publish format-standard hentry category-urbact\">\n\t\t\t<div class=\"elementor-post__card\">\n\t\t\t\t<div class=\"elementor-post__text\">\n\t\t\t\t<h3 class=\"elementor-post__title\">\n\t\t\t<a href=\"https:\/\/sp23.poznan.pl\/?p=234\" >\n\t\t\t\tO projekcie\t\t\t<\/a>\n\t\t<\/h3>\n\t\t\t\t<div class=\"elementor-post__excerpt\">\n\t\t\t<p>Ju\u017c od roku wszystkie je\u017cyckie szko\u0142y bior\u0105 udzia\u0142 w unijnym projekcie Urbact. Jego celem jest<\/p>\n\t\t<\/div>\n\t\t\n\t\t<a class=\"elementor-post__read-more\" href=\"https:\/\/sp23.poznan.pl\/?p=234\" aria-label=\"Read more about O projekcie\" tabindex=\"-1\" >\n\t\t\tCzytaj wi\u0119cej \u00bb\t\t<\/a>\n\n\t\t\t\t<\/div>\n\t\t\t\t<div class=\"elementor-post__meta-data\">\n\t\t\t\t\t<span class=\"elementor-post-date\">\n\t\t\t21 pa\u017adziernika 2021\t\t<\/span>\n\t\t\t\t<\/div>\n\t\t\t\t\t<\/div>\n\t\t<\/article>\n\t\t\t\t<\/div>\n\t\t\n\t\t\t\t\t\t<\/div>\n\t\t\t\t<\/div>\n\t\t\t\t\t<\/div>\n\t\t<\/div>\n\t\t\t\t\t<\/div>\n\t\t<\/section>\n\t\t\t\t<\/div>\n\t\t","protected":false},"excerpt":{"rendered":"","protected":false},"author":1,"featured_media":0,"parent":253,"menu_order":0,"comment_status":"closed","ping_status":"closed","template":"","meta":{"footnotes":""},"class_list":["post-258","page","type-page","status-publish","hentry"],"_links":{"self":[{"href":"https:\/\/sp23.poznan.pl\/index.php?rest_route=\/wp\/v2\/pages\/258","targetHints":{"allow":["GET"]}}],"collection":[{"href":"https:\/\/sp23.poznan.pl\/index.php?rest_route=\/wp\/v2\/pages"}],"about":[{"href":"https:\/\/sp23.poznan.pl\/index.php?rest_route=\/wp\/v2\/types\/page"}],"author":[{"embeddable":true,"href":"https:\/\/sp23.poznan.pl\/index.php?rest_route=\/wp\/v2\/users\/1"}],"replies":[{"embeddable":true,"href":"https:\/\/sp23.poznan.pl\/index.php?rest_route=%2Fwp%2Fv2%2Fcomments&post=258"}],"version-history":[{"count":4,"href":"https:\/\/sp23.poznan.pl\/index.php?rest_route=\/wp\/v2\/pages\/258\/revisions"}],"predecessor-version":[{"id":262,"href":"https:\/\/sp23.poznan.pl\/index.php?rest_route=\/wp\/v2\/pages\/258\/revisions\/262"}],"up":[{"embeddable":true,"href":"https:\/\/sp23.poznan.pl\/index.php?rest_route=\/wp\/v2\/pages\/253"}],"wp:attachment":[{"href":"https:\/\/sp23.poznan.pl\/index.php?rest_route=%2Fwp%2Fv2%2Fmedia&parent=258"}],"curies":[{"name":"wp","href":"https:\/\/api.w.org\/{rel}","templated":true}]}}

<div data-elementor-type="wp-page" data-elementor-id="258" class="elementor elementor-258" data-elementor-post-type="page">
						<section class="elementor-section elementor-top-section elementor-element elementor-element-92191a9 elementor-section-boxed elementor-section-height-default elementor-section-height-default" data-id="92191a9" data-element_type="section" data-e-type="section">
						<div class="elementor-container elementor-column-gap-default">
					<div class="elementor-column elementor-col-100 elementor-top-column elementor-element elementor-element-ab93afe" data-id="ab93afe" data-element_type="column" data-e-type="column">
			<div class="elementor-widget-wrap elementor-element-populated">
						<div class="elementor-element elementor-element-07f41d7 elementor-posts--align-center elementor-grid-1 elementor-posts--thumbnail-none elementor-grid-tablet-2 elementor-grid-mobile-1 elementor-card-shadow-yes elementor-posts__hover-gradient elementor-widget elementor-widget-posts" data-id="07f41d7" data-element_type="widget" data-e-type="widget" data-settings="{&quot;cards_columns&quot;:&quot;1&quot;,&quot;cards_columns_tablet&quot;:&quot;2&quot;,&quot;cards_columns_mobile&quot;:&quot;1&quot;,&quot;cards_row_gap&quot;:{&quot;unit&quot;:&quot;px&quot;,&quot;size&quot;:35,&quot;sizes&quot;:[]},&quot;cards_row_gap_tablet&quot;:{&quot;unit&quot;:&quot;px&quot;,&quot;size&quot;:&quot;&quot;,&quot;sizes&quot;:[]},&quot;cards_row_gap_mobile&quot;:{&quot;unit&quot;:&quot;px&quot;,&quot;size&quot;:&quot;&quot;,&quot;sizes&quot;:[]}}" data-widget_type="posts.cards">
				<div class="elementor-widget-container">
							<div class="elementor-posts-container elementor-posts elementor-posts--skin-cards elementor-grid">
				<article class="elementor-post elementor-grid-item post-243 post type-post status-publish format-standard hentry category-urbact">
			<div class="elementor-post__card">
				<div class="elementor-post__text">
				<h3 class="elementor-post__title">
			<a href="https://sp23.poznan.pl/?p=243" >
				Debata			</a>
		</h3>
				<div class="elementor-post__excerpt">
			<p>W ramach projektu Urbact uczniowie klasy 8a razem z Panią Katarzyną Marciniak odwiedzili Centrum Wykładowe</p>
		</div>
		
		<a class="elementor-post__read-more" href="https://sp23.poznan.pl/?p=243" aria-label="Read more about Debata" tabindex="-1" >
			Czytaj więcej »		</a>

				</div>
				<div class="elementor-post__meta-data">
					<span class="elementor-post-date">
			21 października 2021		</span>
				</div>
					</div>
		</article>
				<article class="elementor-post elementor-grid-item post-237 post type-post status-publish format-standard hentry category-urbact">
			<div class="elementor-post__card">
				<div class="elementor-post__text">
				<h3 class="elementor-post__title">
			<a href="https://sp23.poznan.pl/?p=237" >
				Laboratorium			</a>
		</h3>
				<div class="elementor-post__excerpt">
			<p>W ramach projektu Urbact uczniowie klasy 7a odwiedzili Laboratorium Szkoły Przyszłości &#8211; nowatorską przestrzeń edukacyjną,</p>
		</div>
		
		<a class="elementor-post__read-more" href="https://sp23.poznan.pl/?p=237" aria-label="Read more about Laboratorium" tabindex="-1" >
			Czytaj więcej »		</a>

				</div>
				<div class="elementor-post__meta-data">
					<span class="elementor-post-date">
			21 października 2021		</span>
				</div>
					</div>
		</article>
				<article class="elementor-post elementor-grid-item post-266 post type-post status-publish format-standard hentry category-urbact">
			<div class="elementor-post__card">
				<div class="elementor-post__text">
				<h3 class="elementor-post__title">
			<a href="https://sp23.poznan.pl/?p=266" >
				Spotkanie			</a>
		</h3>
				<div class="elementor-post__excerpt">
			<p>Motto: Życie jest wyznaczaniem celu, do którego się dąży pomimo zakrętów na drodze do jego</p>
		</div>
		
		<a class="elementor-post__read-more" href="https://sp23.poznan.pl/?p=266" aria-label="Read more about Spotkanie" tabindex="-1" >
			Czytaj więcej »		</a>

				</div>
				<div class="elementor-post__meta-data">
					<span class="elementor-post-date">
			21 października 2021		</span>
				</div>
					</div>
		</article>
				<article class="elementor-post elementor-grid-item post-234 post type-post status-publish format-standard hentry category-urbact">
			<div class="elementor-post__card">
				<div class="elementor-post__text">
				<h3 class="elementor-post__title">
			<a href="https://sp23.poznan.pl/?p=234" >
				O projekcie			</a>
		</h3>
				<div class="elementor-post__excerpt">
			<p>Już od roku wszystkie jeżyckie szkoły biorą udział w unijnym projekcie Urbact. Jego celem jest</p>
		</div>
		
		<a class="elementor-post__read-more" href="https://sp23.poznan.pl/?p=234" aria-label="Read more about O projekcie" tabindex="-1" >
			Czytaj więcej »		</a>

				</div>
				<div class="elementor-post__meta-data">
					<span class="elementor-post-date">
			21 października 2021		</span>
				</div>
					</div>
		</article>
				</div>
		
						</div>
				</div>
					</div>
		</div>
					</div>
		</section>
				</div>
