{"id":1660,"date":"2024-01-17T09:22:48","date_gmt":"2024-01-17T08:22:48","guid":{"rendered":"https:\/\/www.sp23.com.pl\/?page_id=1660"},"modified":"2024-01-17T14:50:37","modified_gmt":"2024-01-17T13:50:37","slug":"stomatolog","status":"publish","type":"page","link":"https:\/\/sp23.poznan.pl\/?page_id=1660","title":{"rendered":"Stomatolog"},"content":{"rendered":"\n<p>Gabinet stomatologiczny w szkole (gabinet piel\u0119gniarki) b\u0119dzie dzia\u0142a\u0107 od 29 stycznia br. w godzinach zgodnie z harmonogramem:<br>pn 11-14<br>wt 8.30-14<br>\u015br 11-14<br>czw 8.30-14<br>pt 11-14<br>Wobec powy\u017cszego prosimy o sk\u0142adanie u wychowawcy deklaracji zgody na obj\u0119cie opiek\u0105 stomatologiczn\u0105 dziecka w terminie do 26.01.2023 r.<br>Zakres \u015bwiadczonych us\u0142ug w ramach wsp\u00f3\u0142pracy oraz deklaracja zgody rodzica s\u0105 zawarte w za\u0142\u0105cznikach.<\/p>\n\n\n\n<p class=\"has-medium-font-size\"><strong>Deklaracja, zgody<\/strong><\/p>\n\n\n\n<div class=\"wp-block-file\"><a id=\"wp-block-file--media-55319460-bd0f-4d7b-bf26-52737dc88897\" href=\"https:\/\/www.sp23.com.pl\/wp-content\/uploads\/2024\/01\/DEKLARACJA-ZGODY-.pdf\">DEKLARACJA-ZGODY (48kB)<\/a><a href=\"https:\/\/www.sp23.com.pl\/wp-content\/uploads\/2024\/01\/DEKLARACJA-ZGODY-.pdf\" class=\"wp-block-file__button wp-element-button\" download aria-describedby=\"wp-block-file--media-55319460-bd0f-4d7b-bf26-52737dc88897\">Pobierz<\/a><\/div>\n\n\n\n<p>Szanowni Pa\u0144stwo,<\/p>\n\n\n\n<p>&nbsp;&nbsp;&nbsp;&nbsp;&nbsp;&nbsp;&nbsp;&nbsp;&nbsp;&nbsp;&nbsp; jest mi niezmiernie mi\u0142o, \u017ce mog\u0119 sprawowa\u0107 opiek\u0119 stomatologiczn\u0105 nad Pa\u0144stwa dzie\u0107mi, uczniami Szko\u0142y Podstawowej numer 23 w Poznaniu zgodnie z ustaw\u0105 o opiece zdrowotnej nad uczniami z dnia 12 kwietnia 2019 r. W ramach wsp\u00f3\u0142pracy stomatologa ze szko\u0142\u0105 uczniom zapewnia si\u0119 regularn\u0105 kontrol\u0119 zdrowia jamy ustnej, wykrywanie wad rozwojowych i ortodontycznych twarzoczaszki oraz profilaktyk\u0119 i leczenie choroby pr\u00f3chnicowej.<\/p>\n\n\n\n<p>&nbsp;&nbsp;&nbsp;&nbsp;&nbsp;&nbsp;&nbsp;&nbsp;&nbsp;&nbsp;&nbsp; Obj\u0119cie opiek\u0105 stomatologiczn\u0105 polega na przeprowadzaniu regularnych przegl\u0105d\u00f3w dentystycznych u uczni\u00f3w, czyli co 3-miesi\u0119czne kontrole zdrowia jamy ustnej. Badania b\u0119d\u0105 odbywa\u0107 si\u0119 systematycznie przez tydzie\u0144, b\u0105d\u017a dwa tygodnie&nbsp; w godzinach porannych, podczas zaj\u0119\u0107 lekcyjnych.. Po przeprowadzonym badaniu ucze\u0144 otrzymuje informacj\u0119 o wyniku badania. Rodzic decyduje o podj\u0119ciu kontynuacji leczenia i o wyborze gabinetu. Ma on mo\u017cliwo\u015b\u0107 um\u00f3wi\u0107 dziecko na wizyt\u0119 stomatologiczn\u0105 w gabinecie partnerskim poza kolejno\u015bci\u0105 przyj\u0119\u0107 za pomoc\u0105 rejestracji telefonicznej pod numerem 603346242. Wizyty odbywaj\u0105 si w czwartki i pi\u0105tki po po\u0142udniu, a podczas ich trwania, obecno\u015b\u0107&nbsp; rodzica jest obowi\u0105zkowa.<\/p>\n\n\n\n<p>Dok\u0142adne godziny przyj\u0119\u0107 zostan\u0105 Pa\u0144stwu przekazane w ci\u0105gu najbli\u017cszych dw\u00f3ch tygodni.<\/p>\n\n\n\n<p>\u015awiadczenia finansowane s\u0105 w ramach Narodowego Funduszu Zdrowia, zatem opieka stomatologiczna jest nieodp\u0142atna. Zar\u00f3wno profilaktyka stomatologiczna jak i leczenie pr\u00f3chnicy odbywa si\u0119 zgodnie z najnowszymi standardami w zakresie post\u0119powania i wyboru zastosowanych materia\u0142\u00f3w. Materia\u0142em do wype\u0142nie\u0144 jest przezroczysty, polerowany materia\u0142 kompozytowy na bazie \u017cywicy, a profilaktyka fluorkowa, kt\u00f3rej zadaniem jest wbudowanie si\u0119 cz\u0105steczek fluoru bezpo\u015brednio w struktur\u0119 szkliwa, wykonywana jest preparatem Duraphat<\/p>\n\n\n\n<p>Bior\u0105c pod uwag\u0119 tempo rozwoju choroby pr\u00f3chnicowej u dzieci i m\u0142odzie\u017cy zwi\u0105zanej z inn\u0105 ni\u017c u doros\u0142ych budow\u0105 anatomiczn\u0105 z\u0119biny i kanalik\u00f3w z\u0119binowych (szerszych), wskazane jest regularne kontrolowanie&nbsp; i dbanie o zdrowie i higien\u0119 jamy ustnej.<\/p>\n\n\n\n<p>Jestem do Pa\u0144skiej dyspozycji,<\/p>\n\n\n\n<p>&nbsp;&nbsp;&nbsp;&nbsp;&nbsp;&nbsp;&nbsp;&nbsp;&nbsp;&nbsp;&nbsp;&nbsp;&nbsp;&nbsp;&nbsp;&nbsp;&nbsp;&nbsp;&nbsp;&nbsp;&nbsp;&nbsp;&nbsp;&nbsp;&nbsp;&nbsp;&nbsp;&nbsp;&nbsp;&nbsp;&nbsp;&nbsp;&nbsp;&nbsp;&nbsp;&nbsp;&nbsp;&nbsp;&nbsp;&nbsp;&nbsp;&nbsp;&nbsp;&nbsp;&nbsp;&nbsp;&nbsp;&nbsp;&nbsp;&nbsp;&nbsp;&nbsp;&nbsp;&nbsp;&nbsp;&nbsp;&nbsp;&nbsp;&nbsp;&nbsp;&nbsp;&nbsp;&nbsp;&nbsp;&nbsp;&nbsp;&nbsp;&nbsp;&nbsp;&nbsp;&nbsp;&nbsp;&nbsp;&nbsp;&nbsp;&nbsp;&nbsp;&nbsp;&nbsp;&nbsp;&nbsp;&nbsp;&nbsp;&nbsp;&nbsp;&nbsp;&nbsp;&nbsp;&nbsp;&nbsp;&nbsp;&nbsp;&nbsp; lek.dent.Monika Basiewicz PWZ 3869916<\/p>\n\n\n\n<p>INSTRUKCJA KARTECZKI INFORMACYJNEJ<\/p>\n\n\n\n<ol class=\"wp-block-list\" start=\"1\">\n<li>Ka\u017cde dziecko po badaniu otrzymuje karteczk\u0119 informacyjn\u0105 z wynikiem badania:<\/li>\n<\/ol>\n\n\n\n<p>Znajdziemy tam:<\/p>\n\n\n\n<p>OCENA ZDROWIA I HIGIENY JAMY USTNEJ<\/p>\n\n\n\n<p>BDB &#8211; brak aktywnych stadi\u00f3w pr\u00f3chnicy, brak zalegaj\u0105cego osadu mi\u0119kkiego<\/p>\n\n\n\n<p>DB- jedno aktywne stadium pr\u00f3chnicy w stopniu \u015brednim, b\u0105d\u017a 2 aktywne stadia pr\u00f3chnicy w stopniu powierzchniowym (tzw. \u201cz\u0105b do obserwacji\u201d) b\u0105d\u017a zalegaj\u0105cy osad mi\u0119kki<\/p>\n\n\n\n<p>NIEZADOWALAJ\u0104CA &#8211;&nbsp; wi\u0119cej ni\u017c jedno aktywne stadium pr\u00f3chnicy w stopniu \u015brednim z zalegaj\u0105cym osadem mi\u0119kkim lub bez<\/p>\n\n\n\n<p>NIEDOSTATECZNA- mnogie aktywne stadia pr\u00f3chnicy i zalegaj\u0105cy osad mi\u0119kki<\/p>\n\n\n\n<p>OCENA KONIECZNO\u015aCI WDRO\u017bENIA LECZENIA INWAZYJNEGO PR\u00d3CHNICY<\/p>\n\n\n\n<p>Z\u0118BY STA\u0141E DO LECZENIA &#8211; podana ilo\u015b\u0107 (s\u0142ownie: jeden\/dwa\/x)<\/p>\n\n\n\n<p>*wed\u0142ug oceny lekarza przeprowadzaj\u0105cego badanie, istnieje konieczno\u015b\u0107 leczenia inwazyjnego z\u0119ba sta\u0142ego zaj\u0119tego pr\u00f3chnic\u0105, czyli otwarcie i oczyszczenie ubytku przy pomocy wiert\u0142a oraz zamkni\u0119cie go za pomoc\u0105 szczelnego materia\u0142u wype\u0142niaj\u0105cego<\/p>\n\n\n\n<p>*wskazanie z\u0119ba do leczenia nie okre\u015bla stopnia nasilenia pr\u00f3chnicy, zar\u00f3wno z\u0105b ca\u0142kowicie zaj\u0119ty pr\u00f3chnicowo, klasyfikuj\u0105cy si\u0119 by\u0107 mo\u017ce do leczenia endodontycznego, jak i z\u0105b z pr\u00f3chnic\u0105 \u015bredni\u0105 na karteczce informacyjnej opisane s\u0105 w ten sam spos\u00f3b<\/p>\n\n\n\n<p>Z\u0118BY MLECZNE DO LECZENIA &#8211; podana ilo\u015b\u0107 (s\u0142ownie: jeden\/dwa\/x)<\/p>\n\n\n\n<p>*wed\u0142ug oceny lekarza przeprowadzaj\u0105cego badanie, istnieje konieczno\u015b\u0107 leczenia inwazyjnego z\u0119ba mlecznego zaj\u0119tego pr\u00f3chnic\u0105, czyli otwarcie i oczyszczenie ubytku przy pomocy wiert\u0142a oraz zamkni\u0119cie go za pomoc\u0105 szczelnego materia\u0142u wype\u0142niaj\u0105cego<\/p>\n\n\n\n<p>*wskazanie z\u0119ba do leczenia nie okre\u015bla stopnia nasilenia pr\u00f3chnicy, zar\u00f3wno z\u0105b ca\u0142kowicie zaj\u0119ty pr\u00f3chnicowo, klasyfikuj\u0105cy si\u0119 by\u0107 mo\u017ce do leczenia endodontycznego, jak i z\u0105b z pr\u00f3chnic\u0105 \u015bredni\u0105 na karteczce informacyjnej opisane s\u0105 w ten sam spos\u00f3b<\/p>\n\n\n\n<p>Z\u0118BY STA\u0141E DO OBSERWACJI &#8211; podana ilo\u015b\u0107 (s\u0142ownie: jeden\/dwa\/x)<\/p>\n\n\n\n<p>*wed\u0142ug oceny lekarza przeprowadzaj\u0105cego badanie nie istnieje konieczno\u015b\u0107 leczenia inwazyjnego z\u0119ba, natomiast wyst\u0119puje w nim pewna nieprawid\u0142owo\u015b\u0107<\/p>\n\n\n\n<p>*zwykle s\u0105 to z\u0119by z powierzchown\u0105 demineralizacj\u0105, kt\u00f3r\u0105 da si\u0119 zatrzyma\u0107 stosuj\u0105c profilaktyk\u0119 fluorkow\u0105 i w\u0142a\u015bciwe oczyszczanie powierzchni z\u0119ba<\/p>\n\n\n\n<p>*mog\u0105 to by\u0107 r\u00f3wnie\u017c z\u0119by ze starymi, przebarwionymi wype\u0142nieniami<\/p>\n\n\n\n<p>*Je\u015bli na karteczce znajdzie si\u0119 wskazanie na z\u0105b do obserwacji, warto um\u00f3wi\u0107 dziecko na wizyt\u0119 indywidualn\u0105 w obecno\u015bci rodzica<\/p>\n\n\n\n<p>Z\u0118BY MLECZNE DO OBSERWACJI &#8211; podana ilo\u015b\u0107 (s\u0142ownie: jeden\/dwa\/x)<\/p>\n\n\n\n<p>*wed\u0142ug oceny lekarza przeprowadzaj\u0105cego badanie nie istnieje konieczno\u015b\u0107 leczenia inwazyjnego z\u0119ba, natomiast wyst\u0119puje w nim pewna nieprawid\u0142owo\u015b\u0107<\/p>\n\n\n\n<p>*zwykle s\u0105 to z\u0119by z powierzchown\u0105 demineralizacj\u0105, kt\u00f3r\u0105 da si\u0119 zatrzyma\u0107 stosuj\u0105c profilaktyk\u0119 fluorkow\u0105 i w\u0142a\u015bciwe oczyszczanie powierzchni z\u0119ba<\/p>\n\n\n\n<p>*mog\u0105 to by\u0107 r\u00f3wnie\u017c z\u0119by ze starymi, przebarwionymi wype\u0142nieniami<\/p>\n\n\n\n<p>*Je\u015bli na karteczce znajdzie si\u0119 wskazanie na z\u0105b do obserwacji, warto um\u00f3wi\u0107 dziecko na wizyt\u0119 w obecno\u015bci rodzica<\/p>\n\n\n\n<p>*** na karteczce informacyjnej nie znajdzie si\u0119 informacja o wskazaniu z\u0119b\u00f3w mlecznych do usuni\u0119cia, gdy\u017c jest to zbyt z\u0142o\u017cona i indywidualna kwestia.<\/p>\n\n\n\n<p><strong>KONSULTACJA ORTODONTYCZNA<\/strong><\/p>\n\n\n\n<p>Wskazanie na konieczno\u015b\u0107 konsultacji ortodontycznej, b\u0105d\u017a jej brak. Na karteczce informacyjnej wyst\u0119puje kr\u00f3tka informacja TAK\/NIE . Lekarz przeprowadzaj\u0105cy badanie nie wie czy dziecko jest ju\u017c obj\u0119te opiek\u0105 ortodontyczn\u0105, zatem je\u015bli wskazana zostanie odpowied\u017a TAK, a dziecko jest pod opiek\u0105 ortodonty, nie nale\u017cy zwraca\u0107 uwagi na t\u0119 sugesti\u0119. Je\u015bli wskazana zostanie odpowied\u017a TAK i rodzic ma w\u0105tpliwo\u015bci czy taka konsultacja jest niezb\u0119dna, b\u0105d\u017a chcia\u0142by dowiedzie\u0107 si\u0119 wi\u0119cej na ten temat, mo\u017ce um\u00f3wi\u0107 wizyt\u0119 w gabinecie z dzieckiem i poruszy\u0107 t\u0119 kwesti\u0119. Wskazanie wizyty ortodontycznej mo\u017ce wyst\u0105pi\u0107 r\u00f3wnie\u017c u dzieci z drobn\u0105 wad\u0105, gdzie kwesti\u0105 s\u0105 wzgl\u0119dy estetyczne.<\/p>\n\n\n\n<ol class=\"wp-block-list\" start=\"2\">\n<li>Dziecko zobowi\u0105zane jest do przekazania karteczki informacyjnej rodzicom. Zostan\u0105 Pa\u0144stwo poinformowani z wyprzedzeniem o terminach wizyt stomatologa.<\/li>\n<\/ol>\n\n\n\n<p><strong>REJESTRACJA TELEFONICZNA<\/strong><\/p>\n\n\n\n<p>Rejestracja telefoniczna dost\u0119pna pod numerem telefonu 603346242 od poniedzia\u0142ku do pi\u0105tku w godzinach 14:00-20:00<\/p>\n\n\n\n<p>W przypadku braku odpowiedzi, zostanie nawi\u0105zany zwrotny kontakt telefoniczny.<\/p>\n\n\n\n<p><strong>GODZINY FUNKCJONOWANIA GABINETU<\/strong><\/p>\n\n\n\n<p>Gabinet stomatologii dzieci\u0119cej przy ulicy Strzeleckiej 11 w budynku Niepublicznej Szko\u0142y Podstawowej ,, Otwarte Drzwi &#8211; Premium\u201d znajduje si\u0119 na pierwszym pi\u0119trze w lewej cz\u0119\u015bci budynku. Po wej\u015bciu przywita nas recepcja, gdzie nale\u017cy potwierdzi\u0107 swoj\u0105 to\u017csamo\u015b\u0107 i mo\u017cna kierowa\u0107 si\u0119 do gabinetu zgodnie ze wskaz\u00f3wkami. Gabinet czynny jest przez dwa popo\u0142udnia w tygodniu, w czwartek i pi\u0105tek. Dok\u0142adne godziny funkcjonowania zostan\u0105 Pa\u0144stwu przekazane w przeci\u0105gu najbli\u017cszych dw\u00f3ch tygodni.<\/p>\n\n\n\n<p>FINANSOWANIE Z NFZ<\/p>\n\n\n\n<p>\u015awiadczenia kontraktowane s\u0105 w ramach umowy Stomatologia Monika Basiewicz z Narodowym Funduszem Zdrowia, czyli s\u0105 nieodp\u0142atne. Leczenie pr\u00f3chnicy w gabinecie jest r\u00f3wnie\u017c nieodp\u0142atne. Do wype\u0142nie\u0144 z\u0119b\u00f3w sta\u0142ych wykorzystywane s\u0105 najlepsze dost\u0119pne materia\u0142y kompozytowe (przezroczyste). Po badaniu pacjenta pojawia si\u0119 wpis w IKP (internetowe konto pacjenta) terminy wpis\u00f3w mog\u0105 si\u0119 nieznacznie r\u00f3\u017cni\u0107 z uwagi na ilo\u015b\u0107 uczni\u00f3w przyst\u0119puj\u0105cych do opieki stomatologicznej.<\/p>\n\n\n\n<p><strong>ZESP\u00d3\u0141 STOMATOLOGICZNY<\/strong><\/p>\n\n\n\n<p><strong>Monika Basiewicz<\/strong><\/p>\n\n\n\n<p>Absolwentka kierunku lekarsko-dentystycznego Uniwersytetu Medycznego w Poznaniu w 2021 roku, szczeg\u00f3lne zainteresowanie stomatologi\u0105 dzieci\u0119c\u0105 pojawi\u0142o si\u0119 podczas zaj\u0119\u0107 w Katedrze Stomatologii Dzieci\u0119cej, co zaowocowa\u0142o sta\u017cem w przychodni PERDENT Joanna Perek specjalizuj\u0105cej si\u0119 w pracy z dzie\u0107mi. Obecnie pracuje w kilku gabinetach, r\u00f3wnie\u017c jako dentystka szkolna&nbsp; w Gminie \u0141ubowo w Szko\u0142ach Podstawowych Owieczki, Fa\u0142kowo, Lednog\u00f3ra, \u0141ubowo.&nbsp;<\/p>\n\n\n\n<p><strong>Milena So\u0142tysiak<\/strong><\/p>\n\n\n\n<p>Absolwentka&nbsp; kierunku higiena stomatologiczna Uniwersytetu Medycznego w Poznaniu zajmuj\u0105ca si\u0119 si\u0119 badaniem oraz profilaktyk\u0105 stomatologiczn\u0105 dzieci i m\u0142odzie\u017cy.<\/p>\n","protected":false},"excerpt":{"rendered":"<p>Gabinet stomatologiczny w szkole (gabinet piel\u0119gniarki) b\u0119dzie dzia\u0142a\u0107 od 29 stycznia br. w godzinach zgodnie z harmonogramem:pn 11-14wt 8.30-14\u015br 11-14czw 8.30-14pt 11-14Wobec powy\u017cszego prosimy o sk\u0142adanie u wychowawcy deklaracji zgody na obj\u0119cie opiek\u0105 stomatologiczn\u0105 dziecka w terminie do 26.01.2023 r.Zakres \u015bwiadczonych us\u0142ug w ramach wsp\u00f3\u0142pracy oraz deklaracja zgody rodzica s\u0105 zawarte w za\u0142\u0105cznikach. Deklaracja, zgody [&hellip;]<\/p>\n","protected":false},"author":3,"featured_media":0,"parent":0,"menu_order":0,"comment_status":"closed","ping_status":"closed","template":"","meta":{"footnotes":""},"class_list":["post-1660","page","type-page","status-publish","hentry"],"_links":{"self":[{"href":"https:\/\/sp23.poznan.pl\/index.php?rest_route=\/wp\/v2\/pages\/1660","targetHints":{"allow":["GET"]}}],"collection":[{"href":"https:\/\/sp23.poznan.pl\/index.php?rest_route=\/wp\/v2\/pages"}],"about":[{"href":"https:\/\/sp23.poznan.pl\/index.php?rest_route=\/wp\/v2\/types\/page"}],"author":[{"embeddable":true,"href":"https:\/\/sp23.poznan.pl\/index.php?rest_route=\/wp\/v2\/users\/3"}],"replies":[{"embeddable":true,"href":"https:\/\/sp23.poznan.pl\/index.php?rest_route=%2Fwp%2Fv2%2Fcomments&post=1660"}],"version-history":[{"count":4,"href":"https:\/\/sp23.poznan.pl\/index.php?rest_route=\/wp\/v2\/pages\/1660\/revisions"}],"predecessor-version":[{"id":1668,"href":"https:\/\/sp23.poznan.pl\/index.php?rest_route=\/wp\/v2\/pages\/1660\/revisions\/1668"}],"wp:attachment":[{"href":"https:\/\/sp23.poznan.pl\/index.php?rest_route=%2Fwp%2Fv2%2Fmedia&parent=1660"}],"curies":[{"name":"wp","href":"https:\/\/api.w.org\/{rel}","templated":true}]}}